
Let s(r) = 9*r + 13. Calculate s(-7).
-50
Let i(d) = 2*d**3 + 5*d**2 - 3*d + 3. Determine i(-4).
-33
Let o(z) = z**3 + 6*z**2 + 5*z + 4. What is o(-4)?
16
Let y(m) = 6*m + 23. What is y(5)?
53
Let h(k) = -k + 20. Calculate h(-7).
27
Let f(s) = -s**2 + 10*s + 7. Give f(10).
7
Let l(z) = 2*z + 6. Calculate l(-4).
-2
Let b(s) = s + 3. Determine b(-4).
-1
Let r(v) = -v**2 + 4. Give r(4).
-12
Let p(h) = -h**2 - 4*h + 35. Calculate p(6).
-25
Let u(q) = -13*q - 12. What is u(-3)?
27
Let x(p) = 3*p + 10. What is x(-4)?
-2
Let q(l) = l**2 + 2*l - 40. What is q(7)?
23
Let m(g) = -g**2 + 3*g - 7. What is m(5)?
-17
Let n(x) = x**3 - 7*x**2 - 18*x + 5. What is n(9)?
5
Let a(r) = 10*r**2 + 10*r - 11. Give a(1).
9
Let j(z) = -z**3 + 10*z**2 + 9*z - 14. Calculate j(10).
76
Let l(a) = a**3 + 4*a**2 - 8*a + 3. What is l(-7)?
-88
Let s(y) = -2*y. Calculate s(0).
0
Let r(q) = -9*q. What is r(1)?
-9
Let s(p) = -p**3 + 5*p**2 - p + 3. What is s(5)?
-2
Let p(o) = -6*o + 54. Give p(7).
12
Let z(q) = 16*q + 40. Calculate z(-3).
-8
Let d(t) = 87*t**2 + 696*t + 9. Determine d(-8).
9
Let d(g) = -11*g**2 - 2*g - 8. Calculate d(-2).
-48
Let o(a) = -6*a + 1. Calculate o(-4).
25
Let i(x) = x**3 - 3*x**2 - 9*x - 2. What is i(6)?
52
Let a(k) = -10*k + 29. What is a(-17)?
199
Let y(g) = -g**2 - 25*g + 40. Determine y(-29).
-76
Let q(g) = 34*g**2 + 3*g + 4. Calculate q(-2).
134
Let i(t) = t - 18. Calculate i(6).
-12
Let m(x) = -2*x**3 + 20*x**2 - 4*x + 2. Determine m(10).
-38
Let c(j) = 2*j**2 + 3*j + 2. Determine c(-5).
37
Let f(b) = -8*b + 348. Calculate f(43).
4
Let a(c) = -9*c + 2. Determine a(2).
-16
Let u(t) = -t**3 - 4*t**2 + 3*t - 5. What is u(-5)?
5
Let b(l) = l**2 + 6*l + 7. Give b(-7).
14
Let v(i) = 11*i**2 + 92*i + 27. Calculate v(-8).
-5
Let j(k) = 3*k**2 + 3*k. Calculate j(5).
90
Let p(a) = -21*a + 4. Determine p(2).
-38
Let p(r) = -r**3 + 7*r**2 + 4*r + 24. Give p(8).
-8
Let t(o) = -o**2 - 4*o + 5. What is t(-6)?
-7
Let g(n) = 2*n**2 - 27*n + 137. Calculate g(7).
46
Let x(p) = -p**3 - 10*p**2 - 6*p - 5. What is x(-8)?
-85
Let b(s) = -s**2 + 30*s + 213. Determine b(36).
-3
Let t(u) = 3*u + 3. Give t(-4).
-9
Let k(g) = 7*g. Determine k(-1).
-7
Let h(z) = -z**2 + 14*z + 20. Calculate h(16).
-12
Let a(n) = n**2 - 18*n + 58. Calculate a(12).
-14
Let s(b) = 74*b**3 - 4*b - 3. Determine s(-1).
-73
Let p(r) = r**3 - 20*r**2 - 15. What is p(20)?
-15
Let p(v) = -v**2 + 9*v + 2. Determine p(4).
22
Let t(c) = c**2 - 9*c - 58. Calculate t(10).
-48
Let c(s) = s - 14. Calculate c(-6).
-20
Let f(m) = 2*m - 29. Determine f(-7).
-43
Let j(q) = q**3 + 20*q**2 + 18*q - 12. Determine j(-19).
7
Let n(u) = -u**3 + 6*u**2 - 4*u - 1. What is n(4)?
15
Let c(y) = -y**2 - 8*y - 3. Give c(-8).
-3
Let f(g) = g**2 + 11*g + 8. Calculate f(-5).
-22
Let i(g) = 47*g - 91. Calculate i(2).
3
Let z(f) = 3*f**3 + f**2 + 5*f - 7. Give z(1).
2
Let y(d) = 21*d - 355. Give y(17).
2
Let n(x) = -3*x + 24. Calculate n(6).
6
Let m(h) = 8*h + 112. Calculate m(-17).
-24
Let x(c) = -2*c**3 + 22*c**2 + 7. Calculate x(11).
7
Let q(r) = -6*r**3 + r**2 + r + 1. Give q(-1).
7
Let l(h) = h**2 - 13*h + 6. What is l(15)?
36
Let y(u) = u**2 + 12*u - 10. Give y(-13).
3
Let b(m) = 6*m + 27. Determine b(-5).
-3
Let l(x) = 23*x - 1. What is l(-1)?
-24
Let s(v) = 4*v**3 - 2*v**2 + 4*v - 3. What is s(1)?
3
Let f(n) = -n**3 + 5*n**2 + 9*n - 40. Give f(5).
5
Let o(g) = 3*g - 1. What is o(-6)?
-19
Let s(j) = j**3 + 7*j**2 - 5*j - 32. Calculate s(-6).
34
Let q(z) = -22*z + 1. Calculate q(2).
-43
Let h(d) = 263*d - 795. Calculate h(3).
-6
Let s(a) = 5*a + 1. Calculate s(-1).
-4
Let p(f) = 11*f - 61. Calculate p(6).
5
Let k(b) = -b**3 - 14*b**2 - 32*b - 1. Give k(-11).
-12
Let g(k) = -k**2 - 3*k + 34. Give g(5).
-6
Let d(f) = -5*f - 3. Calculate d(2).
-13
Let n(v) = v**2 + 11*v + 6. Calculate n(-3).
-18
Let l(m) = -2*m**2 - 84*m - 81. Calculate l(-41).
1
Let g(x) = x - 4. Calculate g(-9).
-13
Let j(v) = -v**3 - 10*v**2 + 2*v + 8. Determine j(-10).
-12
Let s(q) = -q + 17. Determine s(-12).
29
Let u(l) = -l**3 + 7*l**2 + 8*l - 29. Give u(5).
61
Let k(j) = j**3 + 6*j**2 + 6*j + 2. What is k(-4)?
10
Let m(h) = -5*h + 15. Determine m(0).
15
Let t(r) = 3*r**3 + r**2 - 1. What is t(1)?
3
Let o(t) = -2*t**2 - 17. Give o(0).
-17
Let q(v) = -10*v**2 - 1. What is q(1)?
-11
Let q(v) = -13*v + 97. What is q(7)?
6
Let t(x) = -x**2 - 5*x. What is t(-4)?
4
Let n(s) = -12*s + 29. What is n(6)?
-43
Let s(u) = u + 40. Give s(0).
40
Let f(j) = -j**2 - 11*j - 18. Give f(-5).
12
Let t(p) = -p**2 + 6*p + 22. Give t(4).
30
Let w(f) = f + 4. Calculate w(-8).
-4
Let r(h) = 2*h + 43. Determine r(-13).
17
Let n(j) = -j**3 - 6*j**2 - 4*j + 10. Calculate n(-8).
170
Let j(s) = s**2 + 13*s - 118. What is j(6)?
-4
Let o(u) = -u**3 + 3*u**2 - 1. What is o(-2)?
19
Let v(g) = -g**2 + 10*g - 9. What is v(11)?
-20
Let y(j) = -j**2 - 2*j + 3. Give y(3).
-12
Let v(f) = -18*f + 5. Determine v(-1).
23
Let c(s) = -2*s - 10. Determine c(-9).
8
Let q(m) = m**3 + 6*m**2 + 6*m + 3. What is q(-5)?
-2
Let b(a) = 16*a**2 - 2*a + 2. Give b(2).
62
Let i(d) = -d**3 + 3*d**2 + 2*d - 6. Calculate i(2).
2
Let w(x) = 371*x - 2219. Give w(6).
7
Let o(h) = h**2 - 13*h + 11. Give o(11).
-11
Let v(f) = 2*f**2 + 13*f - 33. What is v(-9)?
12
Let i(x) = x**3 - 7*x**2 - 2. What is i(6)?
-38
Let r(j) = 5*j - 37. Determine r(6).
-7
Let b(w) = 7*w - 12. Calculate b(2).
2
Let t(v) = -45*v**3 + 1. Give t(1).
-44
Let w(q) = 47*q + 109. Give w(-2).
15
Let h(f) = 7*f - 46. Give h(14).
52
Let p(u) = -30*u + 26. Determine p(4).
-94
Let t(i) = i**3 + 8*i**2 + 6*i - 5. What is t(-7)?
2
Let q(f) = -f**2 - 9*f - 2. Calculate q(-9).
-2
Let y(p) = 7*p + 98. What is y(-14)?
0
Let s(q) = q**3 + 2*q**2 - 3*q - 1. Calculate s(2).
9
Let t(u) = 7*u**2 + u + 2. Give t(-2).
28
Let x(m) = 34*m**2 + m - 1. Determine x(-1).
32
Let y(z) = -2*z - 20. What is y(-14)?
8
Let j(h) = -h**2 + 6*h + 9. Give j(7).
2
Let x(y) = 30*y - 28. What is x(3)?
62
Let l(x) = x**3 + 15*x**2 + 46*x + 255. Give l(-13).
-5
Let x(g) = 2*g**3 - 7*g**2 + 5*g - 16. Give x(3).
-10
Let h(a) = a**3 - 3*a**2 - 7*a + 8. Determine h(4).
-4
Let r(f) = 4*f - 11. Determine r(-10).
-51
Let q(c) = c**2 - 6*c - 7. Give q(7).
0
Let v(m) = 49*m - 434. Calculate v(9).
7
Let n(q) = -q**2 + 13*q - 11. Determine n(9).
25
Let z(r) = 2*r**2 - 34*r - 4. What is z(17)?
-4
Let l(x) = 2*x - 1. Determine l(4).
7
Let j(q) = 7*q + 57. Determine j(-9).
-6
Let f(i) = -i**2 - 4*i - 23. Calculate f(-10).
-83
Let d(x) = 49*x**2 + 4*x + 3. Determine d(-1).
48
Let x(b) = -6*b + 52. Give x(-5).
82
Let r(i) = -i + 7. What is r(-4)?
11
Let o(f) = f**2 - 28*f + 55. Give o(25).
-20
Let h(q) = -8*q + 6. Give h(-9).
78
Let s(p) = -p - 30. Determine s(-18).
-12
Let b(l) = l**3 - 6*l**2 + 3*l + 3. Calculate b(7).
73
Let u(a) = 15*a - 2. What is u(4)?
58
Let c(y) = y**2 - 7*y - 126. Calculate c(15).
-6
Let g(j) = 2*j + 58. Calculate g(-2).
54
Let b(p) = p**2 + 4*p - 9. Determine b(-4).
-9
Let d(k) = 52*k + 2. Give d(-1).
-50
Let a(s) = -4*s**3 - 2*s**2 - 2*s + 3. What is a(-2)?
31
Let n(i) = -i**3 - 7*i**2 + 22*i + 30. Calculate n(-9).
-6
Let k(o) = -o**2 + 13*o - 4. Give k(10).
26
Let f(z) = 14*z + 29. Calculate f(0).
29
Let r(o) = -o**3 + 10*o**2 - 3*o + 25. Determine r(10).
-5
Let x(w) = -w**2 + 3. What is x(3)?
-6
Let u(p) = -p**2 + 8*p - 13. Give u(7).
-6
Let s(c) = -36*c**2 - 3*c - 2. Give s(-1).
-35
Let y(w) = 9*w**2 - 4*w. What is y(3)?
69
Let k(y) = 26*y**3 - 3*y**2 + 3. Give k(-1).
-26
Let i(t) = t**2 - 14*t + 14. Calculate i(11).
-19
Let z(n) = -16*n**2 + n + 1. Determine z(2).
-61
Let r(d) = 85*d + 506. Determine r(-6).
-4
Let t(d) = 4*d**2 - 6*d + 12. Give t(5).
82
Let s(r) = 4*r**2 + 38*r - 9. Determine s(-10).
11
Let p(q) = q**2 + 2*q - 2. Give p(4).
22
Let i(h) = h**3 + 12*h**2 - 3*h - 33. Give i(-12).
3
Let q(g) = -2*g**3 + 8*g**2 - 8*g - 6. Determine q(4).
-38
Let s(k) = k**3 + 8*k**2 + 15*k + 15. Determine s(-6).
-3
Let w(s) = -13*s + 191. Determine w(14).
9
Let s(u) = -u**3 + 14*u**2 + 14*u + 9. Determine s(15).
-6
Let w(x) = 11*x**3 + 3*x**2 - 2*x - 1. Determine w(2).
95
Let f(r) = -r**3 + 11*r**2 + 10*r - 23. Give f(11).
87
Let y(m) = -3*m**2 + 27*m + 1. Give y(9).
1
Let t(r) = -r**2 + 8*r. Determine t(11).
-33
Let t(b) = -b**3 + 7*b**2 - 10*b + 28. Determine t(6).
4